{"id":2117,"date":"2025-01-04T20:36:07","date_gmt":"2025-01-04T19:36:07","guid":{"rendered":"https:\/\/pmk-coueron.eu\/?page_id=2117"},"modified":"2025-03-07T11:41:08","modified_gmt":"2025-03-07T10:41:08","slug":"mentions-legales-wzmianka-legalna","status":"publish","type":"page","link":"https:\/\/pmk-coueron.eu\/index.php\/mentions-legales-wzmianka-legalna\/","title":{"rendered":"Mentions l\u00e9gales \/ Informacja prawna"},"content":{"rendered":"\n<p class=\"has-text-align-center\"><strong>Mentions l\u00e9gales \/ Informacja prawna<\/strong><\/p>\n\n\n\n<p>Propri\u00e9taire du site : La Paroisse polonaise de Notre-Dame de Mis\u00e9ricorde, 48 Rue de la Fr\u00e9mondi\u00e8re, 44220 Cou\u00ebron, tel : +33 7 60 77 87 84, e-mail : lubrag@o2.pl<\/p>\n\n\n\n<p>Responsable de la publication : \u0141ukasz Br\u0105giel, tel : +33 7 60 77 87 84, e-mail : lubrag@o2.pl<\/p>\n\n\n\n<p>Conception et d\u00e9veloppement du site : ce site a \u00e9t\u00e9 r\u00e9alis\u00e9 en utilisant WordPress. Administrator du site : Grzegorz Juziak, tel : +48 512 617 467, e-mail : <a href=\"mailto:eneduofilmy@gmail.com\" target=\"_blank\" rel=\"noreferrer noopener\">eneduofilmy@gmail.com<\/a><\/p>\n\n\n\n<p>H\u00e9bergeur du site :ce site et le nom de domaine sont h\u00e9berg\u00e9s par la soci\u00e9t\u00e9 Nowy Internet &#8211; Internet Holding sp z o.o.<br>ul. \u015aliczna 30c lok. 70, 31 &#8211; 333 Krak\u00f3w, NIP PL5732856223, REGON 362432472, E-mail : pomoc@ <a href=\"http:\/\/nowyinternet.pl\" target=\"_blank\" rel=\"noreferrer noopener\">nowyinternet.pl<\/a>, biuro @ <a href=\"http:\/\/internetholding.pl\" target=\"_blank\" rel=\"noreferrer noopener\">internetholding.pl<\/a><\/p>\n\n\n\n<p>Liens hypertextes : La Paroisse polonaise de Notre-Dame de Mis\u00e9ricorde n\u2019est pas responsable du contenu des liens externes plac\u00e9s sur le site.<\/p>\n\n\n\n<p>Copyrights : tous droits r\u00e9serv\u00e9s La Paroisse polonaise de Notre-Dame de Mis\u00e9ricorde. Tous les contenus : textes, photos et illustrations sont la propri\u00e9t\u00e9 de la Paroisse polonaise de Notre-Dame de Mis\u00e9ricorde. Toutes reproductions interdites pour tous les \u00e9l\u00e9ments du site.<\/p>\n\n\n\n<p><\/p>\n\n\n\n<p><\/p>\n","protected":false},"excerpt":{"rendered":"<p>Mentions l\u00e9gales \/ Informacja prawna Propri\u00e9taire du site : La Paroisse &#8230; <\/p>\n","protected":false},"author":1,"featured_media":0,"parent":0,"menu_order":0,"comment_status":"closed","ping_status":"closed","template":"","meta":{"_themeisle_gutenberg_block_has_review":false,"footnotes":""},"class_list":["post-2117","page","type-page","status-publish","hentry"],"_links":{"self":[{"href":"https:\/\/pmk-coueron.eu\/index.php\/wp-json\/wp\/v2\/pages\/2117","targetHints":{"allow":["GET"]}}],"collection":[{"href":"https:\/\/pmk-coueron.eu\/index.php\/wp-json\/wp\/v2\/pages"}],"about":[{"href":"https:\/\/pmk-coueron.eu\/index.php\/wp-json\/wp\/v2\/types\/page"}],"author":[{"embeddable":true,"href":"https:\/\/pmk-coueron.eu\/index.php\/wp-json\/wp\/v2\/users\/1"}],"replies":[{"embeddable":true,"href":"https:\/\/pmk-coueron.eu\/index.php\/wp-json\/wp\/v2\/comments?post=2117"}],"version-history":[{"count":8,"href":"https:\/\/pmk-coueron.eu\/index.php\/wp-json\/wp\/v2\/pages\/2117\/revisions"}],"predecessor-version":[{"id":2170,"href":"https:\/\/pmk-coueron.eu\/index.php\/wp-json\/wp\/v2\/pages\/2117\/revisions\/2170"}],"wp:attachment":[{"href":"https:\/\/pmk-coueron.eu\/index.php\/wp-json\/wp\/v2\/media?parent=2117"}],"curies":[{"name":"wp","href":"https:\/\/api.w.org\/{rel}","templated":true}]}}